se 2, what is -110010001000010100 - 0?
-110010001000010100
In base 15, what is -2 - 24cee?
-24d01
In base 3, what is -10010122122 - 2?
-10010122201
In base 14, what is 73a9 - -12?
73bb
In base 6, what is 4020 + -3045?
531
In base 5, what is 10 + 131401?
131411
In base 6, what is 11 + 1110532?
1110543
In base 14, what is 3 - 1b240c?
-1b2409
In base 5, what is -12 - -20023?
20011
In base 14, what is 441 - c22?
-7c1
In base 14, what is a88 - 3?
a85
In base 13, what is -5 - 900c5?
-900ca
In base 8, what is 221777 - -3?
222002
In base 2, what is 1101 + 10010110100001?
10010110101110
In base 8, what is 110647 - -4?
110653
In base 6, what is -3 + -1031252?
-1031255
In base 15, what is 31cd9 - -5?
31cde
In base 12, what is -8 - -3077?
306b
In base 4, what is 3 - 111123222?
-111123213
In base 5, what is -113141 - -1?
-113140
In base 4, what is -330 - 120210?
-121200
In base 2, what is -1110001110100001001110 + -100?
-1110001110100001010010
In base 12, what is 1b7 - 841?
-646
In base 11, what is -14305 + 45?
-14270
In base 12, what is -a + 5a42?
5a34
In base 13, what is 1 + -7c6?
-7c5
In base 6, what is -434 + 111?
-323
In base 9, what is -826 + 46?
-770
In base 10, what is -355425 + -4?
-355429
In base 10, what is 10 - 257472?
-257462
In base 13, what is 1cc22b + 4?
1cc232
In base 5, what is 22302 - -312?
23114
In base 12, what is 2 + -2a4937?
-2a4935
In base 5, what is -23224201 - 10?
-23224211
In base 12, what is 10 + 17579?
17589
In base 12, what is -29 - -42b5a?
42b31
In base 6, what is 4131 + -131?
4000
In base 7, what is -1126422 + -2?
-1126424
In base 7, what is -10 - -601423?
601413
In base 7, what is 0 + -45335?
-45335
In base 3, what is -2 + 120002000221?
120002000212
In base 14, what is -17 - 7b6?
-7cd
In base 8, what is 46 - -3373?
3441
In base 15, what is 5 - -17a37?
17a3c
In base 2, what is 1 - -101000100110?
101000100111
In base 4, what is -10133 + -10220?
-21013
In base 12, what is 49 - 214b?
-2102
In base 3, what is 22010121 + -11?
22010110
In base 5, what is -1404 - 1230?
-3134
In base 3, what is 20000222 - 11?
20000211
In base 4, what is 1112 + -1222?
-110
In base 3, what is -12100222 + 12?
-12100210
In base 3, what is 20121002 + -2?
20121000
In base 13, what is 59c7 - -8?
5a02
In base 5, what is -1 - 111343?
-111344
In base 4, what is -1 - 1332330332?
-1332330333
In base 2, what is -10101000110 - 1000010000?
-11101010110
In base 16, what is 249d - c?
2491
In base 6, what is -40 + -1154?
-1234
In base 9, what is 348 - 2553?
-2204
In base 6, what is 5 - -3002453?
3002502
In base 10, what is -6685 + -4?
-6689
In base 3, what is 22121 - 1210200?
-1111002
In base 14, what is 1ada - 1b?
1abd
In base 7, what is -331263 + 16?
-331244
In base 6, what is 1013 - -1141?
2154
In base 4, what is -3 + -1032221021?
-1032221030
In base 16, what is -3ed - 4d?
-43a
In base 12, what is -40 - 77?
-b7
In base 8, what is 3 - -16753?
16756
In base 2, what is 10001011001110 + -101?
10001011001001
In base 6, what is -2330 + 345?
-1541
In base 11, what is 5 + -27368?
-27363
In base 15, what is -46ca4 - 0?
-46ca4
In base 13, what is 4144a + 8?
41455
In base 16, what is -3536 - -e?
-3528
In base 12, what is -3 + 5ab31?
5ab2a
In base 15, what is -9111 + -4?
-9115
In base 4, what is -101023 + -132002?
-233031
In base 13, what is -6383 + -2?
-6385
In base 5, what is -103341 + -402?
-104243
In base 8, what is 177146 - 1?
177145
In base 14, what is 82709 + 0?
82709
In base 11, what is -48221 - 4?
-48225
In base 13, what is 6c7 + -14?
6b3
In base 2, what is 100 - -101111100010?
101111100110
In base 2, what is 101 + 10011000110001101?
10011000110010010
In base 16, what is -354 + 34?
-320
In base 7, what is 10 + -11563?
-11553
In base 4, what is 12110 + -1132022?
-1113312
In base 7, what is 0 + 1454524?
1454524
In base 12, what is 2 - 2648?
-2646
In base 6, what is 0 + 310330?
310330
In base 6, what is -204 - -53002?
52354
In base 8, what is -5 + 2023236?
2023231
In base 7, what is 504503 - 15?
504455
In base 13, what is 1a + -1799?
-177c
In base 4, what is 22 + -310301?
-310213
In base 9, what is -5 + 1375264?
1375258
In base 9, what is -313 - 12050?
-12363
In base 10, what is 345 - 8956?
-8611
In base 15, what is 8 - 6158?
-6150
In base 5, what is -14020 + -4?
-14024
In base 5, what is -2 - -13043243?
13043241
In base 2, what is 1001011111110101 + -10?
1001011111110011
In base 3, what is 22212 + 10112202?
10212121
In base 14, what is -4 + 30a?
306
In base 13, what is -92aac - 5?
-92ab4
In base 4, what is 1313332 - -3?
1320001
In base 9, what is 4263 - 2?
4261
In base 12, what is bb - -353?
452
In base 15, what is 5 - 498c?
-4987
In base 2, what is -1111011001010100 + 111101?
-1111011000010111
In base 15, what is 37b4 - 5?
37ae
In base 7, what is 1163126 + 3?
1163132
In base 6, what is 1 - -1240552?
1240553
In base 16, what is -3 - 2132?
-2135
In base 9, what is -13702 + -451?
-14253
In base 13, what is -125 + -b1ac?
-b304
In base 16, what is 3 - cf9b?
-cf98
In base 10, what is 708 - 26?
682
In base 13, what is 5 - 426?
-421
In base 15, what is -1347 + -e?
-1356
In base 9, what is 0 + -30638?
-30638
In base 6, what is 3 - -405204?
405211
In base 3, what is -11 - 1222010201?
-1222010212
In base 16, what is 2 - 3b968?
-3b966
In base 11, what is -7994 + -49?
-7a32
In base 5, what is 1234321034 + 1?
1234321040
In base 9, what is -4 - -401426?
401422
In base 3, what is -1201 + -122110?
-201011
In base 15, what is -2b + -c6?
-102
In base 5, what is 1244 - -3231?
10030
In base 13, what is 0 + 10c301?
10c301
In base 12, what is 59 - 174a7?
-1744a
In base 6, what is 3315244 - 2?
3315242
In base 10, what is 48441 + 3?
48444
In base 16, what is 80 + -34e?
-2ce
In base 2, what is -1001100000110 - 1011110000?
-1010111110110
In base 9, what is -7022 + 46?
-6865
In base 16, what is -55 + -481?
-4d6
In base 4, what is 33 - -3202012?
3202111
In base 8, what is 1427 - 435?
772
In base 13, what is 22157 + 1?
22158
In base 8, what is -76 + 73126?
73030
In base 9, what is 0 - -825013?
825013
In base 16, what is -62e - 44?
-672
In base 12, what is 2 - 25a95?
-25a93
In base 5, what is -13 - -22301?
22233
In base 7, what is -12 + 220525?
220513
In base 16, what is e - b72?
-b64
In base 7, what is 10261 - 124?
10134
In base 16, what is 4a - 9d?
-53
In base 7, what is 11 + 6023?
6034
In base 7, what is -6363 - 0?
-6363
In base 10, what is 89 - 4507?
-4418
In base 16, what is -1a946b - -5?
-1a9466
In base 5, what is 40043303 + 10?
40043313
In base 11, what is 153 + 139a?
1542
In base 8, what is 1376107 + -6?
1376101
In base 7, what is 20 - 41565?
-41545
In base 13, what is -2 - -a051?
a04c
In base 10, what is -1157 + -184?
-1341
In base 6, what is -3 - -1323154?
1323151
In base 2, what is 1101010010111110111100 + 11?
1101010010111110111111
In base 11, what is 14 - 10a30a?
-10a2a6
In base 14, what is -4145b + 3?
-41458
In base 9, what is 6 + -4517?
-4511
In base 8, what is 1614 + 33?
1647
In base 11, what is -1953 + 29a?
-1664
In base 8, what is -45 - 315062?
-315127
In base 3, what is -210202201100 - -2?
-210202201021
In base 2, what is -1000011101001 + 110110011?
-111100110110
In base 10, what is 84 - -110?
194
In base 15, what is 89 + 69?
103
In base 15, what is 11 + 12e?
140
In base 10, what is 22 - -52406?
52428
In base 14, what is 106aa2 + 1?
106aa3
In base 9, what is 7 - -10362?
10370
In base 12, what is 2 - -2760?
2762
In base 12, what is -5 - 22bb?
-2304
In base 10, what is -2 - -252994?
252992
In base 6, what is -2243412 - -3?
-2243405
In base 2, what is 11 + -111011101100?
-111011101001
In base 6, what is -10 + 32450?
32440
In base 2, what is -101 - 11100111000011000?
-11100111000011101
In base 10, what is -1800 + 22?
-1778
In base 11, what is 2 + -1a126?
-1a124
In base 2, what is 1 + 101010000?
101010001
In base 5, what is 2 - 21334112?
-21334110
In base 16, what is -3219 + -10?
-3229
In base 13, what is -220 - -8c1?
6a1
In base 10, what is 199 + -619?
-420
In base 4, what is 111111 + 1002?
112113
In base 9, what is 114 - 14888?
-14774
In base 8, what is 62422 - -1?
62423
In base 6, what is 2 - -122401?
122403
In base 5, what is 2 + 1121303?
1121310
In base 4, what is 132003 - -2120?
200123
In base 7, what is -14511 - -243?
-14235
In base 15, what is -4 - -1dd?
1d9
In base 6, wh